
-452
Let a(x) = -16*x**3 + 752*x**2 - 645*x - 4196. What is a(46)?
-10
Let z(p) = -10*p**3 - 91*p**2 + 6823*p + 413. Determine z(22).
-5
Let b(u) = 19607*u + 58235. What is b(-3)?
-586
Let b(m) = -m**2 + 530*m + 6393. Give b(-12).
-111
Let z(i) = -9*i**2 - 2126*i - 2425. What is z(-235)?
160
Let s(o) = -o**3 + 292*o**2 - 10270*o - 910. Give s(41).
-49
Let z(w) = 3*w**3 - 182*w**2 + 494*w - 1676. Determine z(58).
64
Let n(q) = 16*q**2 - 326*q + 1454. Calculate n(6).
74
Let z(h) = -577*h - 6160. What is z(-11)?
187
Let m(v) = -v**3 - 100*v**2 - 178*v + 356. Give m(-98).
-1408
Let y(k) = -125*k - 1737. What is y(-14)?
13
Let l(r) = 13739*r - 796838. Give l(58).
24
Let t(b) = -6*b**2 - 558*b - 29. Calculate t(-93).
-29
Let k(b) = 121*b**2 + 35*b - 7. What is k(3)?
1187
Let i(h) = 2*h**3 - 3950*h**2 - 33*h - 5. What is i(0)?
-5
Let r(g) = g**3 + 36*g**2 + 399*g + 1277. What is r(-6)?
-37
Let d(b) = 990*b + 506909. What is d(-512)?
29
Let w(q) = 18*q**2 + 82*q + 262. Give w(-6).
418
Let i(n) = -2*n**2 + 515*n + 45022. Determine i(-69).
-35
Let h(a) = -357*a - 8676. Give h(-22).
-822
Let o(n) = n**3 + 6*n**2 - 388*n - 782. What is o(-2)?
10
Let z(a) = a**3 + 70*a**2 + 399*a + 132. Calculate z(-64).
-828
Let s(f) = -4*f**2 - 2175*f + 35827. What is s(16)?
3
Let k(v) = -v**2 + 6302*v - 206913. Determine k(33).
-36
Let p(n) = -10*n**2 + 275*n - 1097. Determine p(24).
-257
Let q(a) = -a**2 - 6730*a - 50. Calculate q(0).
-50
Let b(d) = -32*d**2 + 666*d + 5342. What is b(27)?
-4
Let m(n) = -82*n**3 - 4*n**2 - 24*n - 14. What is m(-2)?
674
Let d(m) = -m**2 + 4011*m - 28051. Calculate d(7).
-23
Let d(s) = -5*s**3 - 117*s**2 - 23*s - 119. Determine d(-23).
-648
Let m(x) = -7*x**3 + 246*x**2 - 48*x + 122. What is m(35)?
-333
Let b(g) = 21*g**2 - 3657*g - 6826. Determine b(176).
38
Let a(u) = 15*u**2 + 1353*u + 16942. Give a(-15).
22
Let s(x) = -44*x**2 - 1913*x + 998. Determine s(-44).
-14
Let z(s) = s**3 - 8*s**2 + 29*s + 115. What is z(-5)?
-355
Let g(r) = 6876*r + 165028. Determine g(-24).
4
Let s(m) = m**3 - 14*m**2 - 242*m + 3064. Determine s(11).
39
Let p(i) = 224*i**3 - 15*i**2 + 35*i - 20. Give p(1).
224
Let t(k) = -458*k**2 - 17486*k - 3089. What is t(-38)?
27
Let q(r) = 3132*r**2 - 109*r + 111. Calculate q(1).
3134
Let o(f) = -2*f**2 + 2370*f + 2623511. What is o(1882)?
3
Let t(q) = 42124*q - 379093. Calculate t(9).
23
Let n(u) = -69*u + 1374. Determine n(10).
684
Let p(r) = 23*r**3 + 401*r**2 + 188*r + 24. Calculate p(-17).
-282
Let g(w) = -93*w**2 - 913*w - 416. What is g(-10)?
-586
Let k(y) = -y**2 + 2080*y + 95578. Determine k(-45).
-47
Let w(f) = 188*f + 6604. What is w(-34)?
212
Let f(s) = -16*s**3 + 27*s**2 - 408*s + 1943. Give f(5).
-1422
Let f(o) = -o**2 + 314*o + 846. Calculate f(317).
-105
Let z(i) = i**3 - 29*i**2 - 127*i - 13. Determine z(33).
152
Let f(d) = -d**2 + 7188*d - 228998. Calculate f(32).
-6
Let s(i) = -i**3 - 11*i**2 + 192*i - 24. Determine s(9).
84
Let x(m) = -m**3 - 11*m**2 + 25*m - 67. What is x(-13)?
-54
Let s(m) = m**2 - 226*m - 2647. What is s(-14)?
713
Let y(w) = 45410*w + 2497560. Determine y(-55).
10
Let s(o) = 163*o**2 + 2441*o - 7. Determine s(-15).
53
Let x(u) = -4*u**2 + 753*u + 35294. Calculate x(-39).
-157
Let x(q) = 34*q**2 + 677*q + 112. Give x(-19).
-477
Let y(z) = 3*z**2 - 1425*z - 87425. Give y(530).
25
Let x(b) = -190454*b + 571369. What is x(3)?
7
Let j(r) = 48364*r - 20312882. Determine j(420).
-2
Let y(c) = -710*c + 1432. What is y(3)?
-698
Let b(q) = -9290*q - 74397. Give b(-8).
-77
Let d(r) = 9270*r + 101971. Give d(-11).
1
Let p(a) = -2*a**3 + 11*a**2 - 4503*a + 31341. What is p(7)?
-327
Let n(l) = -65*l**3 + 9560*l**2 - 734*l - 150. What is n(147)?
-3
Let m(f) = 4*f**2 + 512*f + 2952. Calculate m(-122).
24
Let z(j) = -602*j + 75838. Determine z(126).
-14
Let g(o) = 3*o**3 - 58*o**2 + 455*o - 24. What is g(7)?
1348
Let g(b) = -98*b + 24975. Give g(271).
-1583
Let b(u) = 5*u**2 - 627*u - 9664. Determine b(-16).
1648
Let s(j) = 37257*j + 260787. Give s(-7).
-12
Let u(h) = h**2 - 367*h + 12197. Determine u(37).
-13
Let k(y) = 53188*y + 2712568. Determine k(-51).
-20
Let j(h) = h**2 + 492*h + 45486. Determine j(-368).
-146
Let p(g) = -14*g**2 - 106*g + 145. What is p(6)?
-995
Let y(k) = -k**2 - 27054*k + 406002. What is y(15)?
-33
Let w(v) = -2*v**2 + 158*v + 925. Calculate w(-6).
-95
Let o(z) = -2*z**2 + 147*z + 510. Calculate o(78).
-192
Let b(s) = -19*s**2 + 280*s + 73. Determine b(13).
502
Let k(v) = -4*v**3 + 21139*v**2 + 84619*v + 2. Calculate k(-4).
6
Let n(q) = 833*q**2 - 7541*q + 445. Determine n(9).
49
Let p(n) = 372*n - 55756. Determine p(150).
44
Let s(l) = -945*l - 29329. Give s(-31).
-34
Let f(b) = -b**3 + 178*b**2 + 351*b + 343. Calculate f(180).
-1277
Let z(u) = 16710*u + 100082. Calculate z(-6).
-178
Let h(q) = 189*q + 30156. Calculate h(-160).
-84
Let r(j) = 3*j**3 + 26*j**2 + 162*j + 1147. Calculate r(-9).
-392
Let j(g) = -244*g - 6331. What is j(-25)?
-231
Let o(t) = -5*t**3 + 188*t**2 - 153*t + 1606. Determine o(37).
52
Let w(v) = -6*v**3 + 1078*v**2 + 388*v - 5107. What is w(180)?
-67
Let p(h) = -88286*h - 353118. Give p(-4).
26
Let g(c) = 4*c**3 + c**2 - 32*c + 126. Give g(5).
491
Let b(q) = -4*q**3 + 60*q**2 + 16*q + 7. What is b(16)?
-761
Let p(z) = z**2 + 121*z - 2963. Give p(19).
-303
Let j(r) = -11*r**2 - 127552*r - 892331. Determine j(-7).
-6
Let w(t) = 2*t**3 - 110*t**2 + 1543*t - 320. What is w(26)?
590
Let c(q) = -334*q - 40107. Give c(-120).
-27
Let w(n) = 796*n**2 - 2277*n + 2. Determine w(3).
335
Let q(s) = 2031*s - 18552. Determine q(9).
-273
Let g(w) = 2*w**2 + 584*w + 22505. What is g(-247)?
275
Let n(u) = u**3 + 14*u**2 - 75*u - 10. What is n(4)?
-22
Let n(k) = -11932*k + 286431. Calculate n(24).
63
Let o(z) = -2*z**3 - 9*z**2 - 1155*z - 7081. Determine o(-6).
-43
Let l(o) = -5*o**3 - 240*o**2 - 1263*o - 49. Give l(-42).
77
Let x(f) = f**3 + 142*f**2 + 1069*f + 279. Determine x(-134).
681
Let v(o) = 73*o**2 + 41586*o - 41587. Calculate v(1).
72
Let d(c) = -50*c**2 - 3857*c - 4342. What is d(-76)?
-10
Let m(x) = 18507*x + 129536. Give m(-7).
-13
Let p(j) = 112*j**2 - 1675*j - 3. What is p(15)?
72
Let k(m) = m**3 - 125*m**2 + 834*m + 830. What is k(8)?
14
Let y(v) = -1917*v + 12394. Give y(6).
892
Let o(t) = -119*t + 3864. What is o(12)?
2436
Let n(m) = m**2 - 4590*m + 55051. Calculate n(12).
115
Let k(d) = -9*d**3 + 48*d**2 - 66*d + 349. Give k(5).
94
Let p(x) = 3*x**3 - 196*x**2 + 276*x - 1273. What is p(64)?
7
Let o(h) = 41*h + 2921. Calculate o(-69).
92
Let n(i) = -45644*i + 1095507. Determine n(24).
51
Let g(q) = -48542*q + 3058166. Calculate g(63).
20
Let c(r) = -2693*r - 32658. Give c(-12).
-342
Let f(w) = -26*w**2 - 521*w - 2197. Give f(-6).
-7
Let f(v) = 4752*v - 3964. Give f(1).
788
Let f(n) = -n**3 - 58*n**2 + 312*n - 1263. Give f(-63).
-1074
Let m(n) = -n**3 + 39*n**2 + 23*n - 1061. Determine m(38).
1257
Let t(i) = 4*i**3 + 1450*i**2 - 2180*i + 1366. Give t(-364).
-90
Let p(y) = -23*y**3 + 192*y**2 + 1534*y - 8. Give p(-5).
-3
Let u(x) = 566*x + 15721. Determine u(-31).
-1825
Let o(i) = -i**2 + 86*i + 12886. Determine o(-76).
574
Let g(c) = 12*c**2 + 33*c + 159. What is g(-8)?
663
Let o(c) = 4*c**2 - 160*c - 855. What is o(45)?
45
Let x(q) = -2*q**2 + 109*q - 1244. Calculate x(41).
-137
Let f(v) = -130*v + 608. Determine f(-4).
1128
Let k(d) = d**3 + 36*d**2 + 121*d + 6602. Calculate k(-38).
-884
Let c(k) = -2*k**3 + 12*k**2 - 1451*k + 8726. Determine c(6).
20
Let j(d) = 2*d**3 - 65*d**2 + 30*d + 99. Calculate j(32).
35
Let y(v) = 4*v**3 + 53*v**2 - 7*v + 30. Give y(-9).
1470
Let v(z) = -z**3 + 34*z**2 - 154*z + 531. Give v(29).
270
Let i(t) = -24895*t - 3983384. Determine i(-160).
-184
Let y(g) = 76*g**2 - 5927*g - 117. Give y(78).
-39
Let u(i) = -14*i**3 + 7*i**2 + 10*i + 62. Calculate u(-6).
3278
Let z(l) = -l**3 - 49*l**2 + 1700*l - 7163. Calculate z(5).
-13
Let g(f) = 2*f**3 - 476*f**2 + 23527*f - 276. Give g(70).
214
Let l(i) = i**2 + 2158*i + 128467. Calculate l(-61).
550
Let k(p) = 11*p**2 - 208*p + 736. What is k(18)?
556
Let a(h) = 3*h**2 - 95*h + 590. Give a(13).
-138
Let t(c) = c**3 - 129*c**2 - 437*c + 40141. What is t(130)?
231
Let b(q) = -q**3 - 35*q**2 - 294*q - 10288. What is b(-35)?
2
Let w(k) = 51*k**3 - 26*k**2 + 117*k + 65. Give